4 a factor of 279946?
False
Is 415890 a multiple of 288?
False
Does 28 divide 543676?
True
Does 58 divide 92939?
False
Does 19 divide 7423452?
True
Does 1189 divide 8419309?
True
Does 16 divide 509204?
False
Does 49 divide 188013?
True
Does 50 divide 57500?
True
Does 11 divide 22253?
True
Is 13837096 a multiple of 664?
True
Does 598 divide 1322776?
True
Is 10 a factor of 234300?
True
Is 153357 a multiple of 17?
True
Does 495 divide 589050?
True
Is 23234 a multiple of 479?
False
Does 8 divide 482387?
False
Does 3 divide 1156397?
False
Is 10620 a multiple of 9?
True
Is 1595 a factor of 3328765?
True
Is 4523564 a multiple of 23?
False
Is 1071 a factor of 3047861?
False
Is 4 a factor of 331217?
False
Does 12 divide 377510?
False
Is 667698 a multiple of 19?
True
Is 7 a factor of 261091?
False
Is 181 a factor of 15968906?
True
Is 2651040 a multiple of 20?
True
Is 26 a factor of 142428?
True
Is 17 a factor of 850458?
False
Does 32 divide 41074?
False
Does 29 divide 792802?
True
Is 10057476 a multiple of 12?
True
Does 335 divide 1446354?
False
Is 179 a factor of 1342269?
False
Is 2675476 a multiple of 14?
False
Does 51 divide 3271421?
False
Does 71 divide 58646?
True
Does 96 divide 2043360?
True
Does 14 divide 12782?
True
Is 4531460 a multiple of 10?
True
Is 11 a factor of 289283?
False
Does 44 divide 254813?
False
Is 276 a factor of 98562?
False
Does 1652 divide 2065000?
True
Does 983 divide 2639220?
False
Is 241545 a multiple of 116?
False
Does 906 divide 5200440?
True
Is 166 a factor of 1728226?
True
Is 10 a factor of 8829362?
False
Does 107 divide 14425?
False
Is 111 a factor of 3398376?
True
Is 23 a factor of 832238?
False
Does 125 divide 635482?
False
Is 3671815 a multiple of 245?
True
Is 6096984 a multiple of 24?
True
Does 71 divide 10598618?
False
Is 6 a factor of 8292?
True
Does 24 divide 219319?
False
Does 7 divide 15470?
True
Is 1691191 a multiple of 11?
False
Is 37 a factor of 184?
False
Does 6 divide 1396621?
False
Is 27 a factor of 205848?
True
Is 130600 a multiple of 21?
False
Is 121239 a multiple of 68?
False
Does 11 divide 91100?
False
Is 131 a factor of 94320?
True
Is 17 a factor of 16910899?
False
Does 20 divide 78390?
False
Does 12 divide 1798368?
True
Does 11 divide 4685206?
False
Is 601758 a multiple of 331?
True
Is 10169950 a multiple of 22?
False
Is 18 a factor of 46584?
True
Is 16234 a multiple of 7?
False
Is 91666 a multiple of 204?
False
Does 295 divide 2459650?
False
Is 143791 a multiple of 118?
False
Does 16 divide 31104?
True
Does 135 divide 8134425?
True
Is 496 a factor of 1549008?
True
Does 313 divide 104542?
True
Does 55 divide 34985?
False
Is 133 a factor of 1550400?
False
Does 2 divide 14993?
False
Does 344 divide 424840?
True
Is 817239 a multiple of 93?
False
Is 69 a factor of 14214?
True
Is 229642 a multiple of 7?
True
Is 59356 a multiple of 14?
False
Is 5234442 a multiple of 1347?
True
Is 34425 a multiple of 15?
True
Is 10949004 a multiple of 4?
True
Is 188930 a multiple of 35?
True
Is 1201 a factor of 8378135?
False
Does 1028 divide 1073472?
False
Does 8 divide 7823848?
True
Is 23280 a multiple of 60?
True
Does 58 divide 5831566?
False
Is 271656 a multiple of 77?
True
Is 48 a factor of 544783?
False
Is 6164928 a multiple of 18?
True
Is 6 a factor of 4577?
False
Is 57 a factor of 795834?
True
Is 100 a factor of 1529700?
True
Does 354 divide 1700262?
True
Does 42 divide 579768?
True
Is 33 a factor of 301695?
False
Is 121 a factor of 4700850?
True
Does 43 divide 4047837?
False
Is 24 a factor of 123894?
False
Does 62 divide 181288?
True
Does 255 divide 585367?
False
Is 288526 a multiple of 11?
False
Does 29 divide 146887?
False
Is 28 a factor of 310244?
False
Is 132 a factor of 68640?
True
Does 56 divide 99344?
True
Is 11918832 a multiple of 24?
True
Does 3 divide 90515?
False
Does 21 divide 247296?
True
Is 51 a factor of 13464?
True
Is 14 a factor of 99713?
False
Does 113 divide 303518?
True
Is 7 a factor of 38036?
False
Is 262 a factor of 348656?
False
Is 187 a factor of 88849?
False
Is 2060059 a multiple of 63?
False
Is 22 a factor of 342056?
True
Is 250265 a multiple of 69?
False
Is 77914 a multiple of 163?
True
Is 314 a factor of 181398?
False
Is 9 a factor of 3430?
False
Is 17 a factor of 157981?
True
Is 33 a factor of 373593?
True
Is 274 a factor of 423056?
True
Is 148 a factor of 529363?
False
Is 1886544 a multiple of 33?
True
Does 43 divide 5640980?
False
Is 49 a factor of 1003202?
False
Is 237 a factor of 43608?
True
Does 57 divide 13430557?
False
Is 2224192 a multiple of 1472?
True
Is 20 a factor of 3310435?
False
Is 45 a factor of 2154015?
True
Does 744 divide 349042?
False
Is 7744 a multiple of 23?
False
Is 796195 a multiple of 95?
True
Is 5415552 a multiple of 408?
False
Does 72 divide 272406?
False
Does 110 divide 1530760?
True
Does 14 divide 101952?
False
Is 87555 a multiple of 449?
True
Is 54763 a multiple of 4?
False
Does 36 divide 256646?
False
Is 99219 a multiple of 3?
True
Does 15 divide 79815?
True
Is 578 a factor of 6160902?
True
Is 4652797 a multiple of 42?
False
Does 6 divide 766761?
False
Is 11004344 a multiple of 104?
True
Is 147 a factor of 539829?
False
Does 647 divide 3100424?
True
Is 180 a factor of 719460?
True
Is 144 a factor of 990706?
False
Is 76 a factor of 1158852?
False
Is 104 a factor of 134160?
True
Is 40 a factor of 163097?
False
Does 46 divide 495090?
False
Is 13580 a multiple of 28?
True
Does 13 divide 321667?
False
Is 207940 a multiple of 52?
False
Is 4259 a multiple of 361?
False
Does 109 divide 31359?
False
Does 43 divide 1381676?
True
Is 861376 a multiple of 961?
False
Is 98 a factor of 6947380?
False
Does 3 divide 66096?
True
Does 221 divide 1577050?
False
Is 25135960 a multiple of 30?
False
Is 1923700 a multiple of 10?
True
Does 10 divide 15840?
True
Is 503 a factor of 13496496?
True
Is 4 a factor of 263814?
False
Is 5 a factor of 79022?
False
Is 225 a factor of 823500?
True
Is 256 a factor of 1804032?
True
Is 72 a factor of 602928?
True
Does 83 divide 1006956?
True
Is 208 a factor of 99632?
True
Is 158224 a multiple of 31?
True
Is 120 a factor of 24783240?
True
Is 2600554 a multiple of 10?
False
Is 246 a factor of 28722?
False
Is 6 a factor of 405351?
False
Is 41 a factor of 39068?
False
Is 127 a factor of 147256?
False
Does 2 divide 839434?
True
Is 204 a factor of 83640?
True
Is 6272298 a multiple of 1574?
False
Is 557128 a multiple of 572?
True
Is 6 a factor of 115764?
True
Does 11 divide 23221?
True
Does 25 divide 25?
True
Is 367 a factor of 995173?
False
Is 782866 a multiple of 86?
False
Does 14 divide 202655?
False
Is 29 a factor of 31889?
False
Does 125 divide 8936008?
False
Is 4831085 a multiple of 215?
False
Is 103536 a multiple of 9?
True
Does 11 divide 46875?
False
Is 20 a factor of 7637400?
True
Does 72 divide 75192?
False
Is 61951 a multiple of 39?
False
Does 128 divide 4732337?
False
Is 1852784 a multiple of 43?
True
Is 220 a factor of 157170?
False
Is 59889 even?
False
Is 158 a factor of 7732994?
True
Is 162 a factor of 6972890?
False
Is 114895 a multiple of 9?
False
Is 2461805 a multiple of 8?
False
Does 284 divide 2065594?
False
Is 11 a factor of 434682?
False
Is 725 a factor of 1015519?
False
Is 14 a factor of 327362?
True
Is 337 a factor of 32264?
False
Is 535866 a multiple of 31?
True
Is 21 a factor of 4171059?
False
Is 48 a factor of 374801?
False
Is 1732944 a multiple of 16?
True
Does 53 divide 5671?
True
Is 295 a factor of 389923?
False
Is 255370 a multiple of 16?
False
Is 13648168 a multiple of 181?
False
Is 571711 a multiple of 469?
True
Does 611 divide 229423?
False
Is 24 a factor of 154135?
False
Does 40 divide 16292040?
True
Does 20 divide 495394?
False
Is 1308202 a multiple of 98?
True
Is 237232 a multiple of 12?
False
Does 383 divide 1030019?
False
Is 1206149 a multiple of 26?
False
Is 11 a factor of 86251?
True
Does 456 divide 233016?
True
Is 16 a factor of 6209543?
False
Does 21 divide 294441?
True
Is 1088 a multiple of 8?
True
Is 109658 a multiple of 107?
False
Is 11584 a multiple of 64?
True
Is 10079327 a multiple of 1808?
False
Is 228 a factor of 139670?
False
Is 8 a factor of 778306?
False
Is 25494 a multiple of 19?
False
Does 79 divide 210847?
False
Does 235 divide 181491?
False
Does 21 divide 11637486?
True
Is 187536 a multipl